t common divisor of 55490544 and 2448?
144
Calculate the highest common divisor of 10704218 and 42.
14
Calculate the highest common factor of 45 and 11806191.
9
What is the highest common divisor of 4113 and 2264435?
457
Calculate the greatest common factor of 1183963 and 8547.
407
Calculate the highest common factor of 3588685 and 470.
235
What is the highest common factor of 640 and 353450080?
160
Calculate the greatest common factor of 248 and 11963768.
248
What is the highest common divisor of 16976058 and 8376?
2094
Calculate the highest common factor of 97879507 and 836.
209
What is the highest common divisor of 910633601 and 5578?
2789
Calculate the highest common divisor of 143280 and 26580.
60
What is the greatest common factor of 342 and 18954723?
57
Calculate the greatest common factor of 46 and 76986934.
46
Calculate the greatest common factor of 37080837 and 1444.
361
Calculate the greatest common divisor of 90 and 109467510.
30
Calculate the highest common factor of 296245248 and 2304.
768
What is the highest common divisor of 23447505 and 45?
15
What is the highest common factor of 28937 and 6818471?
1523
What is the highest common factor of 28438 and 204609?
241
What is the highest common divisor of 11355396 and 1404?
156
What is the highest common divisor of 7798950 and 1272?
318
Calculate the highest common divisor of 169031 and 5377882.
1037
What is the greatest common factor of 912579 and 3?
3
Calculate the greatest common divisor of 14150 and 9919433.
283
Calculate the greatest common factor of 153709 and 104919.
41
Calculate the greatest common factor of 366070 and 135.
5
What is the greatest common divisor of 99354 and 917734?
58
Calculate the highest common factor of 8651824 and 326608.
2192
What is the greatest common factor of 8586 and 2684874?
318
What is the greatest common divisor of 638 and 62002?
58
Calculate the highest common factor of 3010 and 66962.
14
Calculate the greatest common factor of 33 and 7295277.
33
Calculate the greatest common divisor of 2015132 and 56.
28
What is the greatest common divisor of 204 and 36651014?
34
Calculate the greatest common divisor of 4599 and 865629.
9
Calculate the greatest common factor of 56 and 3169463304.
56
What is the greatest common factor of 33 and 3870691?
11
What is the highest common factor of 224895 and 33840?
705
Calculate the highest common factor of 84998950 and 1745.
1745
What is the highest common factor of 38387406 and 354?
354
What is the highest common factor of 44 and 20196808?
4
What is the greatest common divisor of 1155 and 3695370?
105
What is the greatest common divisor of 52218718 and 4948?
2474
What is the highest common divisor of 13 and 11304332?
13
What is the greatest common divisor of 2690 and 274382690?
2690
Calculate the greatest common factor of 5873778 and 2226.
318
Calculate the greatest common divisor of 86436 and 66276.
252
Calculate the highest common divisor of 2498 and 51235229.
1249
What is the highest common divisor of 371851540 and 340?
340
What is the greatest common factor of 623 and 24908?
1
Calculate the highest common factor of 4725636 and 1037481.
5997
Calculate the greatest common divisor of 7306 and 7157892768.
7306
What is the highest common divisor of 311194828 and 7?
7
Calculate the highest common factor of 19868601 and 3.
3
What is the greatest common factor of 19 and 61769019?
19
Calculate the highest common factor of 444 and 10307127.
111
What is the greatest common divisor of 78966 and 405162?
738
What is the greatest common factor of 3339181 and 694?
347
What is the greatest common divisor of 91 and 60205915?
7
What is the greatest common factor of 20 and 8529390?
10
Calculate the highest common factor of 36122361 and 1071468.
9921
What is the greatest common factor of 61935 and 17040?
15
What is the greatest common factor of 69 and 97221?
69
Calculate the highest common factor of 1430 and 1392498965.
715
Calculate the highest common factor of 128402 and 11336.
218
What is the highest common divisor of 135575496 and 1512?
504
What is the greatest common factor of 4292 and 6946084?
148
What is the greatest common factor of 42 and 3325623?
21
Calculate the greatest common divisor of 56 and 1089064.
8
What is the highest common divisor of 1510762 and 52030?
946
What is the highest common factor of 507179 and 5344?
167
Calculate the highest common divisor of 1172 and 8139247.
293
What is the highest common divisor of 11395 and 16673035?
215
Calculate the greatest common factor of 33488 and 11389.
7
What is the highest common factor of 628078 and 8?
2
Calculate the highest common divisor of 15210 and 2081295.
45
What is the greatest common divisor of 5894940 and 420?
60
What is the highest common divisor of 9000 and 9945?
45
Calculate the highest common divisor of 959 and 120991413.
137
Calculate the highest common factor of 3320 and 21253976.
664
What is the highest common factor of 1072800 and 217800?
1800
What is the greatest common factor of 323 and 143854289?
17
Calculate the highest common divisor of 635840 and 141077.
1987
What is the greatest common factor of 199917242 and 37352?
9338
What is the highest common divisor of 6071102 and 15148?
1082
What is the greatest common factor of 7758 and 480834?
18
Calculate the greatest common factor of 18 and 722.
2
What is the greatest common factor of 12362674 and 1219?
53
What is the highest common divisor of 2819067 and 18?
3
What is the highest common divisor of 4276 and 773128594?
2138
What is the highest common divisor of 265 and 80354413?
53
What is the highest common divisor of 5488 and 863674?
686
Calculate the greatest common factor of 1077163 and 1475.
59
Calculate the highest common divisor of 247661 and 206137.
1483
Calculate the greatest common factor of 3794795 and 609.
29
What is the highest common factor of 5 and 339163115?
5
Calculate the greatest common divisor of 29868 and 5553876.
1572
Calculate the highest common divisor of 5484321 and 311211.
2061
What is the highest common divisor of 4393701 and 21216?
663
What is the greatest common divisor of 136 and 68595544?
136
What is the greatest common divisor of 1460 and 1493288?
292
Calculate the highest common divisor of 495 and 93538280.
55
Calculate the highest common factor of 25338 and 129396.
246
What is the highest common divisor of 7589959 and 1067?
97
Calculate the highest common factor of 2077368 and 1098072.
2424
What is the greatest common factor of 132 and 80022096?
132
What is the greatest common divisor of 272657 and 7931?
77
What is the greatest common factor of 63838 and 9476156?
1082
What is the highest common factor of 45925077 and 4257?
33
Calculate the greatest common factor of 4780717 and 5975.
239
Calculate the greatest common divisor of 26 and 1097207202.
26
What is the greatest common factor of 1692 and 22887828?
36
What is the highest common factor of 117 and 205792665?
39
What is the highest common divisor of 250981 and 264389?
419
Calculate the greatest common divisor of 49 and 68337.
1
Calculate the highest common factor of 32409 and 6023088.
2493
What is the greatest common divisor of 3892408 and 2197?
169
What is the greatest common factor of 9478 and 4229453242?
9478
Calculate the greatest common divisor of 7024 and 1116377.
439
Calculate the highest common factor of 4680 and 33084.
36
Calculate the highest common factor of 3893088 and 96645.
1137
What is the greatest common factor of 10643699 and 151173?
5599
Calculate the highest common divisor of 44031 and 107601603.
3387
Calculate the greatest common factor of 114 and 51743194.
38
What is the highest common factor of 6306201 and 297?
297
What is the greatest common factor of 2163497 and 27671?
469
Calculate the highest common factor of 3958164186 and 1527.
1527
Calculate the greatest common factor of 17822401 and 57109.
4393
What is the highest common factor of 11 and 12523379?
11
What is the greatest common divisor of 14627871 and 102?
51
What is the greatest common factor of 2068 and 5408062?
22
What is the highest common factor of 172677 and 199?
1
What is the greatest common factor of 392977525 and 26452?
6613
Calculate the greatest common factor of 393554 and 4669.
7
What is the greatest common divisor of 10